{"id":1501,"date":"2023-03-16T09:05:27","date_gmt":"2023-03-16T09:05:27","guid":{"rendered":"https:\/\/greenshare.solutions\/?page_id=1501"},"modified":"2023-10-23T07:17:46","modified_gmt":"2023-10-23T07:17:46","slug":"about","status":"publish","type":"page","link":"https:\/\/greenshare.solutions\/index.php\/about\/?lang=es","title":{"rendered":"Acerca de"},"content":{"rendered":"\n<div class=\"is-layout-flow wp-block-query alignfull\">\n<h2 class=\"alignwide has-text-align-center has-text-color\" style=\"color:#c3d9c3;font-style:normal;font-weight:700\">Un poco sobre m\u00ed&#8230;<\/h2>\n\n\n\n<div style=\"height:50px\" aria-hidden=\"true\" class=\"wp-block-spacer\"><\/div>\n\n\n\n<div class=\"is-layout-flex wp-container-13 wp-block-columns alignfull about-three-cols\">\n<div class=\"is-layout-flow wp-block-column is-vertically-aligned-top\">\n<p class=\"has-text-align-center has-background-color-background-color has-text-color has-background\" style=\"color:#c3d9c3\">Desde Camping Courrier y Kuchenm\u00e4dchen, pasando por Ferias, Congresos y Eventos Corporativos, he tenido la oportunidad de trabajar en una amplia gama de servicios de Turismo y Eventos (Copa de la UEFA y Juegos Ol\u00edmpicos incluidos).<\/p>\n\n\n\n<p class=\"has-text-align-center has-background-color-background-color has-text-color has-background\" style=\"color:#c3d9c3\">All\u00e1 por 2015 me pidieron que liderara la implantaci\u00f3n de la ISO 20121 para la Gesti\u00f3n Sostenible de Eventos en 3 oficinas de una organizaci\u00f3n multinacional de gesti\u00f3n de eventos. La experiencia cambi\u00f3 mi perspectiva de nuestro sector y del papel que representa dentro de nuestra sociedad y del entorno natural.<\/p>\n<\/div>\n\n\n\n<div class=\"is-layout-flow wp-block-column\" style=\"flex-basis:240px\">\n<div class=\"is-vertical is-content-justification-center is-layout-flex wp-container-4 wp-block-group\"><div class=\"wp-block-image is-style-default\">\n<figure class=\"wp-duotone-unset-2 aligncenter size-medium\"><img decoding=\"async\" loading=\"lazy\" width=\"300\" height=\"290\" src=\"http:\/\/185.11.201.71\/rebecca\/wordpress\/wp-content\/uploads\/2023\/06\/Rebecca-Johnson-300x290.jpg\" alt=\"\" class=\"wp-image-790\" srcset=\"https:\/\/greenshare.solutions\/wp-content\/uploads\/2023\/06\/Rebecca-Johnson-300x290.jpg 300w, https:\/\/greenshare.solutions\/wp-content\/uploads\/2023\/06\/Rebecca-Johnson-1024x991.jpg 1024w, https:\/\/greenshare.solutions\/wp-content\/uploads\/2023\/06\/Rebecca-Johnson-768x743.jpg 768w, https:\/\/greenshare.solutions\/wp-content\/uploads\/2023\/06\/Rebecca-Johnson.jpg 1057w\" sizes=\"(max-width: 300px) 100vw, 300px\" \/><\/figure><\/div>\n\n\n<div class=\"wp-block-button has-custom-width wp-block-button__width-50 is-style-outline\"><a target=\"_blank\" class=\"btn btn-primary\" href=\"https:\/\/www.linkedin.com\/in\/rebeccalouisejohnson\/\" rel=\"noopener\"><strong>LinkedIn<\/strong><\/a><\/div>\n\n\n\n<div class=\"is-layout-flex wp-block-buttons\"><\/div>\n<\/div>\n<\/div>\n\n\n\n<div class=\"is-layout-flow wp-block-column is-vertically-aligned-top\">\n<p class=\"has-text-align-left has-background-color-background-color has-text-color has-background\" style=\"color:#c3d9c3\">Ahora ayudo a diversos agentes del turismo de negocios y de ocio a desarrollar planes de sostenibilidad que:<\/p>\n\n\n\n<div class=\"is-layout-flex wp-container-8 wp-block-columns\">\n<div class=\"is-layout-flow wp-block-column is-vertically-aligned-center\"><div class=\"wp-block-image\">\n<figure class=\"aligncenter size-thumbnail is-resized\"><img decoding=\"async\" loading=\"lazy\" src=\"http:\/\/185.11.201.71\/rebecca\/wordpress\/wp-content\/uploads\/2023\/05\/Emagotipo-150x150.png\" alt=\"\" class=\"wp-image-459\" width=\"38\" height=\"38\" srcset=\"https:\/\/greenshare.solutions\/wp-content\/uploads\/2023\/05\/Emagotipo-150x150.png 150w, https:\/\/greenshare.solutions\/wp-content\/uploads\/2023\/05\/Emagotipo-300x297.png 300w, https:\/\/greenshare.solutions\/wp-content\/uploads\/2023\/05\/Emagotipo-1024x1015.png 1024w, https:\/\/greenshare.solutions\/wp-content\/uploads\/2023\/05\/Emagotipo-768x761.png 768w, https:\/\/greenshare.solutions\/wp-content\/uploads\/2023\/05\/Emagotipo.png 1344w\" sizes=\"(max-width: 38px) 100vw, 38px\" \/><\/figure><\/div>\n\n\n<div style=\"height:10px\" aria-hidden=\"true\" class=\"wp-block-spacer\"><\/div>\n\n\n\n<p class=\"has-text-align-center has-background-color-background-color has-text-color has-background\" style=\"color:#c3d9c3\">Abordar los principales impactos (positivos y negativos)  <\/p>\n<\/div>\n\n\n\n<div class=\"is-layout-flow wp-block-column is-vertically-aligned-center\"><div class=\"wp-block-image\">\n<figure class=\"aligncenter size-thumbnail is-resized\"><img decoding=\"async\" loading=\"lazy\" src=\"http:\/\/185.11.201.71\/rebecca\/wordpress\/wp-content\/uploads\/2023\/05\/Emagotipo-150x150.png\" alt=\"\" class=\"wp-image-459\" width=\"38\" height=\"38\" srcset=\"https:\/\/greenshare.solutions\/wp-content\/uploads\/2023\/05\/Emagotipo-150x150.png 150w, https:\/\/greenshare.solutions\/wp-content\/uploads\/2023\/05\/Emagotipo-300x297.png 300w, https:\/\/greenshare.solutions\/wp-content\/uploads\/2023\/05\/Emagotipo-1024x1015.png 1024w, https:\/\/greenshare.solutions\/wp-content\/uploads\/2023\/05\/Emagotipo-768x761.png 768w, https:\/\/greenshare.solutions\/wp-content\/uploads\/2023\/05\/Emagotipo.png 1344w\" sizes=\"(max-width: 38px) 100vw, 38px\" \/><\/figure><\/div>\n\n\n<div style=\"height:10px\" aria-hidden=\"true\" class=\"wp-block-spacer\"><\/div>\n\n\n\n<p class=\"has-text-align-center has-background-color-background-color has-text-color has-background\" style=\"color:#c3d9c3\">Ajustarse a los marcos de buenas pr\u00e1cticas  <\/p>\n<\/div>\n<\/div>\n\n\n\n<div class=\"is-layout-flex wp-container-11 wp-block-columns\">\n<div class=\"is-layout-flow wp-block-column is-vertically-aligned-center\"><div class=\"wp-block-image\">\n<figure class=\"aligncenter size-thumbnail is-resized\"><img decoding=\"async\" loading=\"lazy\" src=\"http:\/\/185.11.201.71\/rebecca\/wordpress\/wp-content\/uploads\/2023\/05\/Emagotipo-150x150.png\" alt=\"\" class=\"wp-image-459\" width=\"38\" height=\"38\" srcset=\"https:\/\/greenshare.solutions\/wp-content\/uploads\/2023\/05\/Emagotipo-150x150.png 150w, https:\/\/greenshare.solutions\/wp-content\/uploads\/2023\/05\/Emagotipo-300x297.png 300w, https:\/\/greenshare.solutions\/wp-content\/uploads\/2023\/05\/Emagotipo-1024x1015.png 1024w, https:\/\/greenshare.solutions\/wp-content\/uploads\/2023\/05\/Emagotipo-768x761.png 768w, https:\/\/greenshare.solutions\/wp-content\/uploads\/2023\/05\/Emagotipo.png 1344w\" sizes=\"(max-width: 38px) 100vw, 38px\" \/><\/figure><\/div>\n\n\n<div style=\"height:10px\" aria-hidden=\"true\" class=\"wp-block-spacer\"><\/div>\n\n\n\n<p class=\"has-text-align-center has-background-color-background-color has-text-color has-background\" style=\"color:#c3d9c3\">Mejorar el rendimiento<\/p>\n<\/div>\n\n\n\n<div class=\"is-layout-flow wp-block-column is-vertically-aligned-center\"><div class=\"wp-block-image\">\n<figure class=\"aligncenter size-thumbnail is-resized\"><img decoding=\"async\" loading=\"lazy\" src=\"http:\/\/185.11.201.71\/rebecca\/wordpress\/wp-content\/uploads\/2023\/05\/Emagotipo-150x150.png\" alt=\"\" class=\"wp-image-459\" width=\"38\" height=\"38\" srcset=\"https:\/\/greenshare.solutions\/wp-content\/uploads\/2023\/05\/Emagotipo-150x150.png 150w, https:\/\/greenshare.solutions\/wp-content\/uploads\/2023\/05\/Emagotipo-300x297.png 300w, https:\/\/greenshare.solutions\/wp-content\/uploads\/2023\/05\/Emagotipo-1024x1015.png 1024w, https:\/\/greenshare.solutions\/wp-content\/uploads\/2023\/05\/Emagotipo-768x761.png 768w, https:\/\/greenshare.solutions\/wp-content\/uploads\/2023\/05\/Emagotipo.png 1344w\" sizes=\"(max-width: 38px) 100vw, 38px\" \/><\/figure><\/div>\n\n\n<div style=\"height:10px\" aria-hidden=\"true\" class=\"wp-block-spacer\"><\/div>\n\n\n\n<p class=\"has-text-align-center has-background-color-background-color has-text-color has-background\" style=\"color:#c3d9c3\">Obtener resultados tangibles<\/p>\n<\/div>\n<\/div>\n<\/div>\n<\/div>\n\n\n\n<div class=\"is-layout-flow wp-block-group alignwide has-white-color has-background-color-background-color has-text-color has-background\"><div class=\"wp-block-group__inner-container\">\n<div class=\"is-layout-flex wp-container-16 wp-block-columns alignwide are-vertically-aligned-center\">\n<div class=\"is-layout-flow wp-block-column\" style=\"flex-basis:50%\">\n<p class=\"has-text-color\" style=\"color:#c3d9c3;font-size:25px;line-height:1.1\">Mis formaciones relevantes incluyen:<\/p>\n<\/div>\n\n\n\n<div class=\"is-layout-flow wp-block-column\" style=\"flex-basis:50%\">\n<hr class=\"wp-block-separator aligncenter has-text-color has-accent-color has-alpha-channel-opacity has-accent-background-color has-background is-style-wide\"\/>\n<\/div>\n<\/div>\n\n\n\n<div class=\"is-layout-flex wp-container-20 wp-block-columns alignwide has-background-color-background-color has-text-color has-background\" style=\"color:#000000\">\n<div class=\"is-layout-flow wp-block-column is-vertically-aligned-top\"><div class=\"wp-block-image\">\n<figure class=\"aligncenter size-thumbnail is-resized\"><img decoding=\"async\" loading=\"lazy\" src=\"http:\/\/185.11.201.71\/rebecca\/wordpress\/wp-content\/uploads\/2023\/05\/Emagotipo-150x150.png\" alt=\"\" class=\"wp-image-459\" width=\"38\" height=\"38\" srcset=\"https:\/\/greenshare.solutions\/wp-content\/uploads\/2023\/05\/Emagotipo-150x150.png 150w, https:\/\/greenshare.solutions\/wp-content\/uploads\/2023\/05\/Emagotipo-300x297.png 300w, https:\/\/greenshare.solutions\/wp-content\/uploads\/2023\/05\/Emagotipo-1024x1015.png 1024w, https:\/\/greenshare.solutions\/wp-content\/uploads\/2023\/05\/Emagotipo-768x761.png 768w, https:\/\/greenshare.solutions\/wp-content\/uploads\/2023\/05\/Emagotipo.png 1344w\" sizes=\"(max-width: 38px) 100vw, 38px\" \/><\/figure><\/div>\n\n\n<div style=\"height:30px\" aria-hidden=\"true\" class=\"wp-block-spacer\"><\/div>\n\n\n\n<h3 class=\"has-text-align-center has-text-color\" style=\"color:#c3d9c3;font-size:24px;line-height:1.3\"><strong>General<\/strong><\/h3>\n\n\n\n<p class=\"has-text-align-center has-text-color\" style=\"color:#c3d9c3\">Certificado avanzado de sostenibilidad (RSE), IEMA<\/p>\n\n\n\n<p class=\"has-text-align-center has-text-color\" style=\"color:#c3d9c3\">Auditor externo ISO 14001<\/p>\n\n\n\n<p class=\"has-text-align-center has-text-color\" style=\"color:#c3d9c3\">Informes de sostenibilidad GRI y ODS<\/p>\n\n\n\n<p class=\"has-text-align-center has-text-color\" style=\"color:#c3d9c3\">Gesti\u00f3n y notificaci\u00f3n del carbono<\/p>\n<\/div>\n\n\n\n<div class=\"is-layout-flow wp-block-column is-vertically-aligned-top\"><div class=\"wp-block-image\">\n<figure class=\"aligncenter size-thumbnail is-resized\"><img decoding=\"async\" loading=\"lazy\" src=\"http:\/\/185.11.201.71\/rebecca\/wordpress\/wp-content\/uploads\/2023\/05\/Emagotipo-150x150.png\" alt=\"\" class=\"wp-image-459\" width=\"38\" height=\"38\" srcset=\"https:\/\/greenshare.solutions\/wp-content\/uploads\/2023\/05\/Emagotipo-150x150.png 150w, https:\/\/greenshare.solutions\/wp-content\/uploads\/2023\/05\/Emagotipo-300x297.png 300w, https:\/\/greenshare.solutions\/wp-content\/uploads\/2023\/05\/Emagotipo-1024x1015.png 1024w, https:\/\/greenshare.solutions\/wp-content\/uploads\/2023\/05\/Emagotipo-768x761.png 768w, https:\/\/greenshare.solutions\/wp-content\/uploads\/2023\/05\/Emagotipo.png 1344w\" sizes=\"(max-width: 38px) 100vw, 38px\" \/><\/figure><\/div>\n\n\n<div style=\"height:30px\" aria-hidden=\"true\" class=\"wp-block-spacer\"><\/div>\n\n\n\n<h3 class=\"has-text-align-center has-text-color\" style=\"color:#c3d9c3;font-size:24px;line-height:1.3\"><strong>Eventos<\/strong><\/h3>\n\n\n\n<p class=\"has-text-align-center has-text-color\" style=\"color:#c3d9c3\">Auditor interno ISO 20121<\/p>\n\n\n\n<p class=\"has-text-align-center has-text-color\" style=\"color:#c3d9c3\">Nivel &#8220;Especialista&#8221; de la Alianza para Eventos Sostenibles<\/p>\n<\/div>\n\n\n\n<div class=\"is-layout-flow wp-block-column is-vertically-aligned-center\"><div class=\"wp-block-image\">\n<figure class=\"aligncenter size-thumbnail is-resized\"><img decoding=\"async\" loading=\"lazy\" src=\"http:\/\/185.11.201.71\/rebecca\/wordpress\/wp-content\/uploads\/2023\/05\/Emagotipo-150x150.png\" alt=\"\" class=\"wp-image-459\" width=\"38\" height=\"38\" srcset=\"https:\/\/greenshare.solutions\/wp-content\/uploads\/2023\/05\/Emagotipo-150x150.png 150w, https:\/\/greenshare.solutions\/wp-content\/uploads\/2023\/05\/Emagotipo-300x297.png 300w, https:\/\/greenshare.solutions\/wp-content\/uploads\/2023\/05\/Emagotipo-1024x1015.png 1024w, https:\/\/greenshare.solutions\/wp-content\/uploads\/2023\/05\/Emagotipo-768x761.png 768w, https:\/\/greenshare.solutions\/wp-content\/uploads\/2023\/05\/Emagotipo.png 1344w\" sizes=\"(max-width: 38px) 100vw, 38px\" \/><\/figure><\/div>\n\n\n<div style=\"height:30px\" aria-hidden=\"true\" class=\"wp-block-spacer\"><\/div>\n\n\n\n<h3 class=\"has-text-align-center has-text-color\" style=\"color:#c3d9c3;font-size:24px;line-height:1.3\"><strong>Turismo<\/strong><\/h3>\n\n\n\n<p class=\"has-text-align-center has-text-color\" style=\"color:#c3d9c3\">Formaci\u00f3n en turismo sostenible del GSTC<\/p>\n\n\n\n<p class=\"has-text-align-center has-text-color\" style=\"color:#c3d9c3\">Formaci\u00f3n sobre la metodolog\u00eda Biosphere<\/p>\n\n\n\n<p class=\"has-text-align-center has-text-color\" style=\"color:#c3d9c3\">Certificaci\u00f3n Travelife (Alojamiento) Formaci\u00f3n de auditores<\/p>\n\n\n\n<p class=\"has-text-align-center has-text-color\" style=\"color:#c3d9c3\">Turismo comunitario<\/p>\n<\/div>\n<\/div>\n\n\n\n<div style=\"height:150px\" aria-hidden=\"true\" class=\"wp-block-spacer\"><\/div>\n<\/div><\/div>\n<\/div>\n","protected":false},"excerpt":{"rendered":"","protected":false},"author":1,"featured_media":0,"parent":0,"menu_order":0,"comment_status":"closed","ping_status":"closed","template":"","meta":{"_seopress_robots_primary_cat":""},"acf":[],"_links":{"self":[{"href":"https:\/\/greenshare.solutions\/index.php\/wp-json\/wp\/v2\/pages\/1501"}],"collection":[{"href":"https:\/\/greenshare.solutions\/index.php\/wp-json\/wp\/v2\/pages"}],"about":[{"href":"https:\/\/greenshare.solutions\/index.php\/wp-json\/wp\/v2\/types\/page"}],"author":[{"embeddable":true,"href":"https:\/\/greenshare.solutions\/index.php\/wp-json\/wp\/v2\/users\/1"}],"replies":[{"embeddable":true,"href":"https:\/\/greenshare.solutions\/index.php\/wp-json\/wp\/v2\/comments?post=1501"}],"version-history":[{"count":6,"href":"https:\/\/greenshare.solutions\/index.php\/wp-json\/wp\/v2\/pages\/1501\/revisions"}],"predecessor-version":[{"id":1591,"href":"https:\/\/greenshare.solutions\/index.php\/wp-json\/wp\/v2\/pages\/1501\/revisions\/1591"}],"wp:attachment":[{"href":"https:\/\/greenshare.solutions\/index.php\/wp-json\/wp\/v2\/media?parent=1501"}],"curies":[{"name":"wp","href":"https:\/\/api.w.org\/{rel}","templated":true}]}}